ainder when 122 is divided by 34.
20
What is the remainder when 14745 is divided by 301?
297
Calculate the remainder when 5027 is divided by 359.
1
What is the remainder when 1117 is divided by 56?
53
What is the remainder when 51 is divided by 27?
24
What is the remainder when 43 is divided by 35?
8
Calculate the remainder when 63 is divided by 11.
8
Calculate the remainder when 5129 is divided by 59.
55
Calculate the remainder when 131 is divided by 15.
11
What is the remainder when 481 is divided by 158?
7
Calculate the remainder when 1196 is divided by 118.
16
What is the remainder when 554 is divided by 61?
5
What is the remainder when 778 is divided by 11?
8
What is the remainder when 1217 is divided by 111?
107
What is the remainder when 654 is divided by 210?
24
Calculate the remainder when 9558 is divided by 40.
38
Calculate the remainder when 5889 is divided by 17.
7
What is the remainder when 108 is divided by 9?
0
Calculate the remainder when 23 is divided by 5.
3
Calculate the remainder when 473 is divided by 6.
5
Calculate the remainder when 681 is divided by 31.
30
Calculate the remainder when 281 is divided by 85.
26
What is the remainder when 591 is divided by 268?
55
Calculate the remainder when 150 is divided by 50.
0
What is the remainder when 175 is divided by 16?
15
Calculate the remainder when 1846 is divided by 313.
281
Calculate the remainder when 141 is divided by 18.
15
Calculate the remainder when 836 is divided by 168.
164
What is the remainder when 725 is divided by 7?
4
Calculate the remainder when 227 is divided by 57.
56
Calculate the remainder when 438 is divided by 49.
46
What is the remainder when 280 is divided by 94?
92
What is the remainder when 1038 is divided by 175?
163
What is the remainder when 13991 is divided by 53?
52
Calculate the remainder when 406 is divided by 51.
49
Calculate the remainder when 4 is divided by 3.
1
What is the remainder when 8 is divided by 3?
2
What is the remainder when 1079 is divided by 540?
539
Calculate the remainder when 6371 is divided by 4.
3
Calculate the remainder when 1559 is divided by 78.
77
What is the remainder when 152 is divided by 114?
38
Calculate the remainder when 100 is divided by 14.
2
Calculate the remainder when 1607 is divided by 265.
17
Calculate the remainder when 762 is divided by 117.
60
What is the remainder when 595 is divided by 14?
7
Calculate the remainder when 2551 is divided by 26.
3
What is the remainder when 3190 is divided by 76?
74
What is the remainder when 411 is divided by 9?
6
What is the remainder when 3454 is divided by 133?
129
What is the remainder when 2012 is divided by 53?
51
What is the remainder when 22 is divided by 10?
2
Calculate the remainder when 194 is divided by 6.
2
What is the remainder when 5547 is divided by 1849?
0
What is the remainder when 778 is divided by 185?
38
Calculate the remainder when 3311 is divided by 138.
137
What is the remainder when 794 is divided by 21?
17
Calculate the remainder when 89 is divided by 10.
9
What is the remainder when 627 is divided by 14?
11
Calculate the remainder when 402 is divided by 31.
30
Calculate the remainder when 319 is divided by 37.
23
What is the remainder when 15 is divided by 2?
1
What is the remainder when 1928 is divided by 95?
28
What is the remainder when 108 is divided by 41?
26
What is the remainder when 2822 is divided by 113?
110
Calculate the remainder when 995 is divided by 6.
5
What is the remainder when 134 is divided by 46?
42
What is the remainder when 35 is divided by 16?
3
What is the remainder when 303 is divided by 34?
31
Calculate the remainder when 1859 is divided by 38.
35
Calculate the remainder when 1539 is divided by 11.
10
Calculate the remainder when 255 is divided by 59.
19
Calculate the remainder when 85 is divided by 52.
33
What is the remainder when 770 is divided by 133?
105
What is the remainder when 499 is divided by 63?
58
What is the remainder when 849 is divided by 37?
35
Calculate the remainder when 134 is divided by 46.
42
Calculate the remainder when 204 is divided by 20.
4
Calculate the remainder when 147 is divided by 59.
29
Calculate the remainder when 80 is divided by 44.
36
What is the remainder when 1398 is divided by 175?
173
What is the remainder when 877 is divided by 80?
77
What is the remainder when 101 is divided by 56?
45
Calculate the remainder when 10 is divided by 3.
1
Calculate the remainder when 83 is divided by 11.
6
What is the remainder when 190 is divided by 90?
10
Calculate the remainder when 94 is divided by 24.
22
Calculate the remainder when 1038 is divided by 213.
186
Calculate the remainder when 397 is divided by 145.
107
What is the remainder when 3826 is divided by 34?
18
What is the remainder when 108 is divided by 5?
3
What is the remainder when 141 is divided by 16?
13
What is the remainder when 430 is divided by 420?
10
What is the remainder when 214 is divided by 149?
65
Calculate the remainder when 191 is divided by 51.
38
What is the remainder when 4004 is divided by 74?
8
Calculate the remainder when 8302 is divided by 23.
22
Calculate the remainder when 756 is divided by 33.
30
What is the remainder when 3360 is divided by 41?
39
What is the remainder when 858 is divided by 86?
84
Calculate the remainder when 49 is divided by 12.
1
What is the remainder when 726 is divided by 27?
24
Calculate the remainder when 813 is divided by 68.
65
Calculate the remainder when 44 is divided by 9.
8
Calculate the remainder when 3823 is divided by 75.
73
What is the remainder when 203 is divided by 12?
11
Calculate the remainder when 32 is divided by 30.
2
Calculate the remainder when 162 is divided by 42.
36
Calculate the remainder when 222 is divided by 85.
52
What is the remainder when 29 is divided by 4?
1
Calculate the remainder when 848 is divided by 19.
12
What is the remainder when 504 is divided by 128?
120
Calculate the remainder when 3483 is divided by 218.
213
Calculate the remainder when 78 is divided by 42.
36
What is the remainder when 100 is divided by 12?
4
What is the remainder when 697 is divided by 42?
25
Calculate the remainder when 3078 is divided by 154.
152
Calculate the remainder when 6 is divided by 6.
0
What is the remainder when 107 is divided by 28?
23
Calculate the remainder when 495 is divided by 100.
95
What is the remainder when 81 is divided by 11?
4
Calculate the remainder when 115 is divided by 24.
19
Calculate the remainder when 1227 is divided by 199.
33
What is the remainder when 636 is divided by 210?
6
What is the remainder when 37657 is divided by 140?
137
What is the remainder when 526 is divided by 6?
4
What is the remainder when 51 is divided by 36?
15
What is the remainder when 1737 is divided by 103?
89
Calculate the remainder when 610 is divided by 87.
1
What is the remainder when 158 is divided by 50?
8
What is the remainder when 81 is divided by 23?
12
Calculate the remainder when 461 is divided by 77.
76
What is the remainder when 903 is divided by 84?
63
Calculate the remainder when 792 is divided by 258.
18
What is the remainder when 93 is divided by 12?
9
Calculate the remainder when 2494 is divided by 192.
190
Calculate the remainder when 194 is divided by 13.
12
Calculate the remainder when 9100 is divided by 3033.
1
Calculate the remainder when 55 is divided by 28.
27
What is the remainder when 8597 is divided by 2147?
9
Calculate the remainder when 10 is divided by 8.
2
Calculate the remainder when 208 is divided by 36.
28
Calculate the remainder when 297 is divided by 61.
53
What is the remainder when 301 is divided by 18?
13
Calculate the remainder when 7196 is divided by 423.
5
Calculate the remainder when 843 is divided by 141.
138
What is the remainder when 642 is divided by 625?
17
What is the remainder when 329 is divided by 85?
74
Calculate the remainder when 247 is divided by 85.
77
What is the remainder when 3007 is divided by 8?
7
What is the remainder when 472 is divided by 96?
88
Calculate the remainder when 638 is divided by 40.
38
What is the remainder when 607 is divided by 16?
15
What is the remainder when 56 is divided by 10?
6
What is the remainder when 559 is divided by 151?
106
Calculate the remainder when 39 is divi